 -30*x - a, -a - 86319 = -4*x. What are the prime factors of x?
7, 3083
Let s = 12705 - 9051. List the prime factors of s.
2, 3, 7, 29
Let u(t) = -291*t - 18. Let m be (-7)/2 - 23/(-46). Let f be u(m). Suppose 4*g - v = f, -4*g + 4*v = -1246 + 382. What are the prime factors of g?
3, 71
Let a(k) = 3*k**3 + 10*k**2 - 28*k + 17. Let c be a(6). Suppose 5*i = 28 + c. What are the prime factors of i?
3, 59
Let x be 3 - (0 + (-2)/(-2)). Suppose -23*b + 1562 - 9680 = -105*b. What are the prime factors of ((-16)/3)/((-3)/(b/x))?
2, 11
Let n = 9811 + -5361. What are the prime factors of n?
2, 5, 89
Let o be 57/(-81)*-3 + (-5)/45. List the prime factors of o/23 + 1329088/1472.
3, 7, 43
Suppose -4*b + f + 3684 = 0, -3*b - b - 2*f + 3684 = 0. What are the prime factors of b?
3, 307
Suppose 75*l - 46*l = 816060. What are the prime factors of l/25 - 10/(-25)?
2, 563
Let i(q) = q**2 - 14*q - 23. Suppose 28 = -r + 3*r - 3*f, -4*r - 3*f + 20 = 0. Suppose -3*x - 2*j = -r*x - 44, -j = -2*x - 18. List the prime factors of i(x).
3, 17
Let u = -44578 - -50677. What are the prime factors of u?
3, 19, 107
Let y be -1000*(4/(-8) + -1). Suppose 0 = -g - 3*b + 311, b = -5*g - 3*b + y. Suppose 5*f = -3*m + g, -4*f + 256 = -5*m + m. What are the prime factors of f?
61
Let c(u) = 3*u**2 + 2. Let h be c(1). Suppose 0 = h*t + 20, -11 - 1159 = -5*f + 5*t. List the prime factors of f.
2, 5, 23
Let c be (3 + 9/(-3))/1. Suppose -2*n + 230 = n - 2*t, -n + 5*t + 94 = c. Suppose -v = i - 64, -n = -v - 0*i - 3*i. What are the prime factors of v?
59
Let q(t) = -8*t**3 - 14*t**2 - 13*t. Let d be q(-9). What are the prime factors of (d/18)/((-1)/(-2))?
5, 107
Suppose 0 = -2*f - 69 - 13. Let x = 424 + f. What are the prime factors of x?
383
Suppose 3*f + 4*r = -f + 44, 2*f - 25 = -3*r. Let m(o) = o**3 + 3*o**2 - 16*o - 9. List the prime factors of m(f).
3, 7
List the prime factors of 84653170/2660 + (5/2 + -2)*-1.
2, 3, 13, 17
Suppose -4*a + 4 = 0, -c + 606 = -5*a - 430. Let j = c + -469. List the prime factors of j.
2, 11, 13
Suppose 0 = -q - 70*d + 66*d + 17468, 5*q - 87388 = -4*d. List the prime factors of q.
2, 5, 19, 23
Suppose -2*x + 5*t - 23 = 0, 0 = 2*x + t + 76 - 23. Let p be 16/x + 1097/3. Let q = p + -259. What are the prime factors of q?
2, 53
Let m(t) = -t**2 - 27*t - 140. Let r be m(-20). Suppose r*z - 458 = -z - 5*c, 2*c = 2*z - 856. List the prime factors of z.
433
Let q be 11/22*2384/(-1 + 3). Let t = -229 + q. List the prime factors of t.
367
Suppose 5*i = -4*x - 1147, 0 = 2*i + 2*i - 4. Let k = x + 382. List the prime factors of k.
2, 47
Let i(o) = -10*o**2 + 8*o + 2. Let n be i(4). Let w = -202 - -155. Let u = w - n. What are the prime factors of u?
79
Suppose 8*a = 6*a + 2*q + 1928, 0 = -5*a - 4*q + 4784. List the prime factors of a.
2, 3, 5
Let p(q) = -q**3 - 33*q**2 + 2*q + 16158. List the prime factors of p(0).
2, 3, 2693
What are the prime factors of ((0 - -2)/(-6))/(-11 - (-3780271)/343662)?
2, 41, 127
Suppose 0 = -213*o + 506133 - 150423. What are the prime factors of o?
2, 5, 167
Let l = 85487 - 50128. What are the prime factors of l?
19, 1861
Let r(v) = -2*v**3 + 5*v**2 + 35*v + 68. List the prime factors of r(-9).
2, 101
Suppose -18*z + 52444 = 17812. What are the prime factors of z?
2, 13, 37
Suppose -3*d - t + 29266 = 0, -3*d + 19208 = 2*t - 10059. List the prime factors of d.
5, 1951
Suppose -5*j + 2*r + 259 = 0, -j + 3*r = -3*j + 96. Let f = -51 + j. Suppose f = 21*q - 22*q + 89. List the prime factors of q.
89
Let g(t) be the first derivative of 163*t**2/2 - 134*t - 153. List the prime factors of g(9).
31, 43
Let i(m) = m**3 - 2*m**2 + 230. Suppose -2*u = 4*o, 5*o - 8*o = 3*u. List the prime factors of i(u).
2, 5, 23
What are the prime factors of 10737324/2457 + (-1)/14*4/3?
2, 5, 19, 23
Suppose 20*d - 24*d = -0*d - 328. Let x = 1459 + -677. Suppose 5*a - x = -d. List the prime factors of a.
2, 5, 7
Let h(s) = s**3 + 5*s + 4. Let u(m) = -2 - 13*m - 2*m**3 - 7 + 4*m. Let x(c) = -9*h(c) - 4*u(c). List the prime factors of x(-4).
2, 5
Let q(s) = -914*s + 4958. List the prime factors of q(-14).
2, 3, 11, 269
Let g(x) = x**3 + 25*x**2 + 15*x + 58. Suppose 5*u - 25 = 4*i + 43, 2*i + 5*u = -64. List the prime factors of g(i).
2, 5, 59
Let v = 9244 - 5568. List the prime factors of v.
2, 919
Let n = 64 - 64. Suppose -u + 2*z + 124 = n, -u - 5*z - 490 = -5*u. What are the prime factors of (-2)/6*-3 + u?
11
Let i = 294 - 284. Suppose -11802 = -i*d - 11*d. List the prime factors of d.
2, 281
Suppose 27*q + 68*q = 8*q + 766035. List the prime factors of q.
3, 5, 587
Let h = -5152 + 7462. Suppose 13*n + 204 = h. What are the prime factors of n?
2, 3
Let i(v) = 5*v + 58. Let l(y) = -y**2 - 25*y + 2. Let b be l(-25). Suppose -2*k + 3 - 55 = -2*g, -b*g + k + 56 = 0. What are the prime factors of i(g)?
2, 13
Suppose -227*q - 5*a = -230*q + 8176, -2*a = 4*q - 10884. List the prime factors of q.
2, 1361
Let d = -196 + -429. Let m = d - -1466. List the prime factors of m.
29
Suppose -4*m + 21*t + 40366 = 26*t, m - 4*t = 10081. What are the prime factors of m?
3, 19, 59
Let f(x) = 210*x + 2159. List the prime factors of f(58).
13, 1103
Suppose 0 = w + 24. Let m = w - -29. Suppose -j = 5*h - 459, 5*j - 200 + 665 = m*h. List the prime factors of h.
2, 23
Let r(y) = 1. Let w(v) = -34*v - 11. Let i(q) = -4*r(q) + w(q). Suppose 0 = -s - 12 + 9. What are the prime factors of i(s)?
3, 29
Suppose 5*u + 3*l = 4*u - 11, 12 = -4*u - 4*l. Let s(h) = 1445*h**3 - h**2 + 4*h - 4. List the prime factors of s(u).
2, 19
Suppose 71*h - 5026 = 78*h. Let p = h + 1038. What are the prime factors of p?
2, 5
Suppose 0 = 2*y + 4 - 12. Suppose 0 = y*t - 8*t + 28. List the prime factors of (-61)/(-2)*(-5 + t).
61
Let v(u) = u**3 + 8*u**2 - 8*u + 12. Let m be v(-9). Suppose -438 - 195 = -m*x. List the prime factors of x.
211
Let w(i) = 2*i**2 - 35*i - 197. List the prime factors of w(-39).
2, 5, 421
Suppose 6*h - 160 = 44. Let n = -31 + h. Suppose -n*x - 33 = -4*x. What are the prime factors of x?
3, 11
Suppose -2*j = 5*t - 308, -5*j - 100 = -2*t - 0*j. Let n be (-34)/5 + t/75. What are the prime factors of -88*(n/24 + 5/(-4))?
2, 3, 11
Suppose 41*l = 48*l - 56. Suppose -4*u + l = 0, 0 = 5*c + 4*u - 1015 - 83. What are the prime factors of c?
2, 109
Let w(v) = 53*v**2 + 213*v + 863. What are the prime factors of w(-4)?
859
Suppose 0 = -0*k - 2*k + 116. Let v = -54 + k. Suppose 2*o - v*g = 162, -g + 167 = 5*o - 183. What are the prime factors of o?
71
Suppose 5*w + 28 = 2*r, w - 90 = -4*r + 10. Let h be r/28*(10 - (0 + 3)). Suppose -282 = -3*k - i, -i + h*i = 3*k - 282. List the prime factors of k.
2, 47
Let c(v) = -v + 3. Let d be c(1). Suppose -2798 - 352 = -d*t. Suppose 0*w - t = -15*w. What are the prime factors of w?
3, 5, 7
Let w = 329 + -1063. Let f = 1332 + w. What are the prime factors of f?
2, 13, 23
Suppose -134*z + 128*z + 7260 = 0. Suppose 4*w = -16, 4*a - z = -4*w + 46. What are the prime factors of a?
2, 3, 53
Suppose 0*y - 36 = -y. Suppose 5*z + 3*o - 2*o + 60 = 0, 0 = 3*z + 3*o + y. What are the prime factors of z/(-8)*528/18?
2, 11
Let f = 791 + -1549. What are the prime factors of (f/3*(-3)/(-2))/(-1)?
379
Let o be 1 + -6 - (-30 + 23). Suppose 5*x - 3835 = -o*f, 1528 = 4*x - 2*x + 2*f. List the prime factors of x.
769
Let v(j) = j**3 - 8*j**2 - 11*j - 1. Let h be v(9). Let d = h + 79. Suppose -4*r = -r - d. What are the prime factors of r?
2, 5
Let f(b) = 311*b**3 + b**2 - 8*b + 8. List the prime factors of f(2).
2, 3, 23
Let p = -386 - -682. Let m = -281 + p. List the prime factors of m.
3, 5
Let v be ((-48)/12)/(1 - 2). Let f be (2/5)/(2/230). Suppose 34 = s + a - f, v*s = -2*a + 310. List the prime factors of s.
3, 5
Let s(m) = 1392*m + 3480. List the prime factors of s(16).
2, 3, 29, 37
Let r(c) = 7606*c**3 - 10*c**2 + 7*c + 3. List the prime factors of r(1).
2, 3803
Let k be ((-1089)/132)/((-6)/(-80)). Let v = 604 + k. List the prime factors of v.
2, 13, 19
Suppose -85*y = 20*y - 105488 - 711307. What are the prime factors of y?
3, 2593
Suppose -5*a + 216 = -5*f - 209, 0 = -3*f - 9. Let c be (-8)/8 + 13*11 + -2. Let t = c - a. List the prime factors of t.
2, 29
Let d(p) = 4 + 8*p - 8*p - 14*p + 7. Suppose 5*l = -5*l - 30. List the prime factors of d(l).
53
Let t = -2542 + 